96260387
What are the prime factors of 191619820?
2, 5, 7, 29, 109, 433
What are the prime factors of 37267207?
37267207
What are the prime factors of 297461395?
5, 7, 11, 479, 1613
What are the prime factors of 455405224?
2, 19, 2996087
List the prime factors of 161545021.
11, 14685911
What are the prime factors of 1825590147?
3, 608530049
What are the prime factors of 2787051474?
2, 3, 154836193
What are the prime factors of 39712135?
5, 7942427
What are the prime factors of 20663092?
2, 17, 277, 1097
List the prime factors of 5662553.
13, 31, 14051
List the prime factors of 18635510.
2, 5, 101, 18451
List the prime factors of 1086539815.
5, 4013, 54151
List the prime factors of 2295704172.
2, 3, 191308681
What are the prime factors of 930209?
7, 132887
List the prime factors of 702711510.
2, 3, 5, 131, 178807
What are the prime factors of 186584626?
2, 93292313
List the prime factors of 140262520.
2, 5, 719, 4877
What are the prime factors of 80157005?
5, 16031401
List the prime factors of 17669315.
5, 3533863
List the prime factors of 598735470.
2, 3, 5, 79, 257, 983
What are the prime factors of 7506675?
3, 5, 11, 337
List the prime factors of 703963.
13, 54151
What are the prime factors of 1058242767?
3, 277, 1273457
What are the prime factors of 63855738?
2, 3, 29, 149, 821
List the prime factors of 2314918342.
2, 11, 941, 111821
List the prime factors of 593300959.
157, 3778987
What are the prime factors of 14330415?
3, 5, 11, 86851
List the prime factors of 2034445453.
83, 317, 77323
List the prime factors of 37553526.
2, 3, 23, 90709
What are the prime factors of 175897017?
3, 19544113
List the prime factors of 39258657.
3, 4362073
List the prime factors of 87577343.
7, 12511049
What are the prime factors of 302624009?
302624009
List the prime factors of 1738968515.
5, 347793703
List the prime factors of 2504617009.
443, 5653763
List the prime factors of 19829225.
5, 13, 17, 37, 97
What are the prime factors of 278802772?
2, 823, 84691
List the prime factors of 105397276.
2, 1697, 15527
What are the prime factors of 41002003?
7, 71, 82499
What are the prime factors of 95774234?
2, 137, 431, 811
What are the prime factors of 89215806?
2, 3, 37, 79, 5087
List the prime factors of 68983298.
2, 34491649
What are the prime factors of 483453017?
41, 2039, 5783
List the prime factors of 75778391.
13, 131, 44497
What are the prime factors of 3205428171?
3, 11, 3449, 28163
List the prime factors of 137407867.
19, 227, 31859
What are the prime factors of 1003971787?
7, 13, 11032657
List the prime factors of 6319005.
3, 5, 7, 11, 5471
What are the prime factors of 1226104771?
1226104771
What are the prime factors of 537152369?
13, 41319413
What are the prime factors of 48450810?
2, 3, 5, 1615027
What are the prime factors of 30852603?
3, 17, 67217
List the prime factors of 8306772.
2, 3, 23, 30097
List the prime factors of 3793109.
127, 29867
What are the prime factors of 141467995?
5, 28293599
What are the prime factors of 78989917?
78989917
What are the prime factors of 14585232?
2, 3, 303859
What are the prime factors of 313984825?
5, 7, 11, 163109
List the prime factors of 107628355.
5, 43, 47, 10651
List the prime factors of 4388330246.
2, 97, 22620259
List the prime factors of 60753820.
2, 5, 3037691
What are the prime factors of 2138711055?
3, 5, 13, 103, 8191
What are the prime factors of 154371888?
2, 3, 11, 41, 2377
List the prime factors of 41719196.
2, 631, 16529
List the prime factors of 301736805.
3, 5, 43, 61, 7669
List the prime factors of 412091319.
3, 307, 447439
List the prime factors of 10378833.
3, 37, 93503
What are the prime factors of 372301890?
2, 3, 5, 12410063
What are the prime factors of 26687746?
2, 13343873
List the prime factors of 743366730.
2, 3, 5, 307, 80713
List the prime factors of 215933150.
2, 5, 17, 254039
What are the prime factors of 16077871?
31, 313, 1657
What are the prime factors of 32779502?
2, 7, 17, 43, 3203
What are the prime factors of 1177222572?
2, 3, 3633403
List the prime factors of 1156718199.
3, 7, 13, 17, 41, 6079
List the prime factors of 606452754.
2, 3, 19, 5319761
What are the prime factors of 2617296900?
2, 3, 5, 8724323
What are the prime factors of 3618594974?
2, 41, 137, 322111
What are the prime factors of 29316503?
29316503
What are the prime factors of 4078542205?
5, 3391, 240551
List the prime factors of 33105455.
5, 257, 25763
What are the prime factors of 12819053?
13, 19, 51899
List the prime factors of 2791825.
5, 17, 6569
What are the prime factors of 1023522389?
701, 1460089
What are the prime factors of 92237430?
2, 3, 5, 3074581
What are the prime factors of 2783627558?
2, 1391813779
What are the prime factors of 286457432?
2, 35807179
What are the prime factors of 294147118?
2, 1483, 99173
List the prime factors of 52886998.
2, 103, 139, 1847
List the prime factors of 566965942.
2, 283482971
List the prime factors of 33507804.
2, 3, 11, 47, 491
What are the prime factors of 130331465?
5, 11, 347, 6829
What are the prime factors of 3509663410?
2, 5, 11, 31906031
List the prime factors of 294552441.
3, 32728049
List the prime factors of 614370895.
5, 122874179
What are the prime factors of 321246839?
37, 1381, 6287
What are the prime factors of 1380142052?
2, 345035513
What are the prime factors of 118095776?
2, 127, 29059
List the prime factors of 386798668.
2, 1733, 55799
What are the prime factors of 3135805657?
19, 1669, 98887
What are the prime factors of 1092601626?
2, 3, 182100271
What are the prime factors of 10338121?
10338121
List the prime factors of 637142327.
149, 593, 7211
What are the prime factors of 527602222?
2, 7, 19, 104393
List the prime factors of 64236719.
67, 181, 5297
What are the prime factors of 455965593?
3, 23, 43, 227, 677
What are the prime factors of 477271804?
2, 17, 23, 401, 761
What are the prime factors of 2245292701?
2245292701
What are the prime factors of 1456726446?
2, 3, 7, 11561321
What are the prime factors of 685979410?
2, 5, 17, 151, 26723
List the prime factors of 522954391.
17, 271, 113513
What are the prime factors of 589439610?
2, 3, 5, 1129, 5801
List the prime factors of 13067868.
2, 3, 11, 98999
List the prime factors of 49013226.
2, 3, 2722957
What are the prime factors of 2753901761?
13, 43, 683, 7213
List the prime factors of 144985652.
2, 7, 23, 225133
List the prime factors of 2487862684.
2, 37, 1823, 9221
What are the prime factors of 98744432?
2, 17, 89, 4079
What are the prime factors of 31407777?
3, 1163251
What are the prime factors of 763284974?
2, 381642487
What are the prime factors of 920698943?
79, 1193, 9769
What are the prime factors of 231811484?
2, 4801, 12071
What are the prime factors of 43855467?
3, 59, 247771
What are the prime factors of 59042665?
5, 11, 41, 26183
List the prime factors of 43534222.
2, 1999, 10889
List the prime factors of 314570049.
3, 107, 979969
List the prime factors of 350854391.
107, 127, 25819
List the prime factors of 1324078138.
2, 31, 139, 153641
List the prime factors of 1286663892.
2, 3, 277, 387083
What are the prime factors of 32614914?
2, 3, 31, 175349
What are the prime factors of 775306183?
523, 1482421
List the prime factors of 6045577345.
5, 1209115469
What are the prime factors of 17437341?
3, 41, 141767
List the prime factors of 271550151.
3, 3352471
What are the prime factors of 393137192?
2, 7, 41, 61, 401
What are the prime factors of 92452242?
2, 3, 15408707
List the prime factors of 375126565.
5, 11, 6820483
List the prime factors of 1297222771.
13, 3323, 30029
What are the prime factors of 1749461711?
421, 1871, 2221
List the prime factors of 4997550984.
2, 3, 47, 293, 15121
What are the prime factors of 815423121?
3, 191, 474359
What are the prime factors of 1399965527?
1399965527
What are the prime factors of 163108503?
3, 43, 421469
List the prime factors of 119076681.
3, 23, 617, 2797
List the prime factors of 126356160.
2, 3, 5, 7, 18803
What are the prime factors of 1178000758?
2, 11, 79, 677791
What are the prime factors of 37500004?
2, 9375001
What are the prime factors of 4489053955?
5, 897810791
What are the prime factors of 1435523183?
1435523183
What are the prime factors of 515653754?
2, 7, 11, 478343
What are the prime factors of 2